2*y + 54. Let a be x(-26). Suppose 0 = p - 2*p + a. What is the remainder when p is divided by 12?
6
Suppose -134*n + 490 = -124*n. Calculate the remainder when 2693 is divided by n.
47
Let i be 64/(-40)*(-9925)/20. Let l = i - 774. What is the remainder when 72 is divided by l?
12
Suppose -a - 78 + 253 = -5*w, -159 = 4*w + 3*a. Let g be 6/w - 69/18. Calculate the remainder when (15/1)/5 - g is divided by 4.
3
What is the remainder when 88/(-12)*(-355584)/704 is divided by 103?
99
Let f(l) = 26*l + 1517. Calculate the remainder when f(-18) is divided by 97.
79
Suppose -5*i - 140*y = -138*y - 58, 2*i - 52 = 4*y. What is the remainder when 7362 is divided by i?
12
Let b = -8 - -15. What is the remainder when (-1)/2 + ((-74)/13)/(4/(-13)) is divided by b?
4
Suppose 3*j + 9 = 0, -3*j - 119663 = -19*r - 10*r. What is the remainder when r is divided by 295?
291
Suppose -5*j - 555 = -3*h, 2*h - 8*j + 12*j = 348. Suppose 3*l + 2*g - h = -g, -15 = -3*g. Calculate the remainder when l is divided by 16.
7
Let b(f) = -4*f**2 + 4*f + 2. Let w be b(2). Calculate the remainder when 31 is divided by (2/(-4)*1)/(w/108).
4
Let g = -5937 - -5983. What is the remainder when 1055 is divided by g?
43
Suppose 4*l = -3*d + 8*l - 7, 0 = 3*d + 3*l. What is the remainder when d*(-2)/(-4) - (-470)/4 is divided by 12?
9
Suppose -474*i + 484*i - 910 = 0. What is the remainder when i is divided by 15?
1
Suppose 5*m - 9*s = -5*s + 10793, -5*m + 10791 = -3*s. Calculate the remainder when m is divided by 127.
125
Suppose -3*c + 49 + 20 = 0. Let n(v) = -v**2 - 8*v + 3. Let p be n(-5). Suppose p*d = 17*d + 67. What is the remainder when d is divided by c?
21
Let p(l) = -2*l**2 + 26*l + 2494. Calculate the remainder when 984 is divided by p(39).
52
Let b = -29 + 43. Suppose 0 = -3*y - 9, -5*m + y + b = -19. Let a(j) = j**2 + 4*j - 14. What is the remainder when a(m) is divided by 24?
22
Let g(q) = -51*q - 342. What is the remainder when 1123 is divided by g(-7)?
13
Suppose 2*k = -4*j + 312, -5*k = 5*j - 497 + 102. Calculate the remainder when 1613 is divided by j.
73
What is the remainder when (5*(-4 - -6) - (-1 + -1))*66 is divided by 201?
189
Let o(z) = z**2 - 68*z + 891. Suppose -a - 4*n + 29 = -33, 398 = 5*a - 2*n. What is the remainder when a is divided by o(17)?
6
Let x = -6934 + 6972. What is the remainder when 529 is divided by x?
35
Let y(s) = 7*s**3 - 3*s**2 - s + 6. Let u be y(2). What is the remainder when 52 is divided by ((-112)/u)/(2/(-12))?
10
Suppose 4*w + 5563 = 5*r, r - 1117 = 54*w - 51*w. Calculate the remainder when r is divided by 8.
7
Let d(b) = b**2 - 6*b - 11. Let u be d(8). Suppose -2*a + u*s = 13, 4*s - 2 = 2*a + 6. Let y = 3097 - 3058. Calculate the remainder when y is divided by a.
3
Suppose 2*d + 3*i - 7*i - 16 = 0, -5*d + 2*i = -16. Suppose d*u = -25 + 91. Calculate the remainder when 129 is divided by u.
30
Suppose -4*h + 3*w = -54, -1128 = h + 3*w - 1164. Calculate the remainder when 3650 is divided by h.
14
Suppose 4*z - 2*z - 6 = 0. Let k = 31031 - 30865. What is the remainder when k is divided by (2/z)/(1/63)?
40
Let p(v) = -v**3 - 6*v**2 + 47*v + 265. Let z be p(-5). Suppose z*d + j = 231, -2*d + d + 35 = 3*j. Calculate the remainder when 183 is divided by d.
42
Let y(n) = 40*n + 2. Let h be y(0). Suppose -100 = -w + 4*z - 2, 0 = w + z - 83. Calculate the remainder when 83 is divided by 2 + -3 + w/h.
41
Let r(v) = 25*v**2 + 8*v - 2. Let t(x) = 10*x + 6*x + 49*x**2 - x - 71 + 67. Let s(d) = -11*r(d) + 6*t(d). What is the remainder when s(-3) is divided by 33?
31
Suppose 14*v - 3073 = -791. Suppose -v*h + 28 = -156*h. Calculate the remainder when 5 is divided by h.
1
Suppose 0 = -3*o - 3*f + 19611, 4*o - 12101 = 3*f + 14047. What is the remainder when o is divided by 12?
9
Suppose x = 2*g + 324 + 45, 5*g + 940 = -x. Let q = g + 283. Let r = 179 - q. Calculate the remainder when r is divided by 17.
15
Suppose 0 = -5*s - 15*w + 5720, -49*s = -45*s - w - 4628. What is the remainder when s is divided by 30?
16
Suppose 247*b - 169*b - 21060 = 0. Calculate the remainder when b is divided by 4.
2
Let b = -241 - -244. Suppose -25 + 58 = b*u. Calculate the remainder when 98 is divided by u.
10
Suppose 2*p + 275 = 5*x, 0 = x - 2*x - 4*p + 33. Suppose 0 = -4*r - 9 + x. Calculate the remainder when (-3 + r/2)*6*1 is divided by 4.
3
Let s(d) = 62*d + 129. What is the remainder when 248 is divided by s(-1)?
47
Suppose -10*b = -14*b + 8. Suppose 15*i - 62 = -b. Let r = 33 + i. What is the remainder when r is divided by 20?
17
Suppose 0 = -1000*o - 6911 + 50911. Let p = 218 + -32. Calculate the remainder when p is divided by o.
10
Suppose 148*l = 140*l + 104. Suppose l*d + 419 = 7894. Calculate the remainder when d is divided by 48.
47
Suppose -4*r + 4*t = -17 - 75, -4*r + 101 = 5*t. What is the remainder when r/(-40) + 2086/10 is divided by 53?
49
Suppose 3*t - d = 12, 4*d + 20 = 4*t + t. Suppose 1 = t*w - 2*x - 25, -5*w = 5*x - 70. Calculate the remainder when 60 is divided by w.
6
What is the remainder when 32 is divided by -15 + 28 + -9 + 27?
1
Let b(n) = -21 + 3*n**3 - 4*n**3 - 8*n**2 + 4*n + 9 + 0*n**3. Let l be b(-9). Suppose l - 137 = -4*g. Calculate the remainder when 128 is divided by g.
24
Suppose -4*v + 11 = -3*v. Calculate the remainder when (-5493)/(-177) - (-768)/(-22656) is divided by v.
9
Suppose 50 = 25*m - 30*m. Let d = 21 + m. What is the remainder when 31 is divided by d?
9
Suppose 0 = 3*c - 2*d + 25 - 29, -4*d + 16 = 0. Calculate the remainder when 297 is divided by c.
1
Let h be (-2)/((-3)/12*1) - 3. Suppose -2*p - 5*z - 41 = 0, z = -h*p + 4*z - 25. Calculate the remainder when 32 is divided by 88/p*2/(-2).
10
Let d(m) = m**2 - 111*m + 46. What is the remainder when 257 is divided by d(111)?
27
Suppose 0 = 3*g - a - 181 - 1312, 3*g = -5*a + 1517. What is the remainder when g is divided by 16?
3
Suppose -3*k + 109 = 5*w, 3*k = 12*w - 15*w + 117. Calculate the remainder when 91 is divided by k.
5
Suppose 0 = -4*w + 12, -2*o + 32*w - 27*w + 1013 = 0. Calculate the remainder when 531 is divided by o.
17
Let j(s) = 6*s - 122. Let m be j(21). Suppose m*r = -14*y + 10*y + 592, -6 = 2*y. What is the remainder when r is divided by 53?
45
Suppose h - 5*o = 104, -22*h - 4*o = -18*h - 344. What is the remainder when h is divided by 18?
17
Let n = -2 - -18. Suppose -5*s + 110 = 110. Suppose s = x + 4*i - 131, 3*i = -0*x + 3*x - 378. Calculate the remainder when x is divided by n.
15
Suppose -7*t = 10*t + 3264. Let z = t + 288. Calculate the remainder when z is divided by 9.
6
What is the remainder when 1434 is divided by (-3 - (-82)/10) + 3 + (-147)/35?
2
Let n(s) = s**3 - 7*s**2 + 9*s - 14. Let j be n(6). Let f(w) = -w**3 - 8*w**2 - 7 - j*w - 3 - 8. Calculate the remainder when 54 is divided by f(-8).
12
Suppose 11*m = 8*m. Suppose -42*l + 40*l + 4 = m. Suppose -3*q + 4*c + 55 = 0, 2*q = -l*q - 5*c + 32. What is the remainder when 24 is divided by q?
11
Let l(f) = -f**3 + 14*f**2 - f + 8. Let z be l(13). Suppose 0 = -4*u, -47*u + 52*u = -4*r + z. What is the remainder when 94 is divided by r?
12
Suppose 0 = -63*m + 5320 - 280. Calculate the remainder when m is divided by 12.
8
Let j be (3 - 6 - -3)/(-2). Suppose -2*o + 41 + 35 = j. Let z = o - 10. Calculate the remainder when z is divided by 11.
6
What is the remainder when 922 is divided by 20/(220/33) - -41?
42
Let m = 395 - 247. Let j = m - 142. What is the remainder when 64 is divided by j?
4
Let y = 4608 + -4431. Calculate the remainder when 201 is divided by y.
24
Let z = 200 - 183. Suppose 0 = -2*n + z - 11. Calculate the remainder when 16 is divided by n.
1
Let c(j) = j**3 + 24*j**2 + 63*j - 33. What is the remainder when c(-18) is divided by 10?
7
Suppose 27*t = 24*t + 552. Let j = -78 + t. Calculate the remainder when j is divided by 18.
16
Let s(g) = -3*g**3 - g**2 + 73*g + 289. What is the remainder when 519 is divided by s(-4)?
0
Let r(t) = t**2 - 5*t - 18. Let h = 82 + -31. Let b = 47 - h. What is the remainder when r(b) is divided by 9?
0
Let q(m) = 619 - 3*m - 662 - 5*m. Suppose 3*c = -d + 2*d + 43, -c + 21 = -2*d. What is the remainder when q(-15) is divided by c?
12
Suppose -5*m - 5*j + j = -120, -105 = -4*m - 5*j. Let h = 12 + -138. Let d = h + 138. What is the remainder when 